{"id":4842,"date":"2023-04-13T20:40:18","date_gmt":"2023-04-13T18:40:18","guid":{"rendered":"https:\/\/ainachallenge.cat\/lab\/concurs\/?page_id=4842"},"modified":"2025-12-04T14:19:07","modified_gmt":"2025-12-04T12:19:07","slug":"desarrollar-herramientas-de-monitorizacion-control-y-alineacion-en-el-uso-de-modelos-y-aplicaciones-ia-tl-que-incorporen-el-catalan","status":"publish","type":"page","link":"https:\/\/ainachallenge.cat\/lab\/concurs\/desarrollar-herramientas-de-monitorizacion-control-y-alineacion-en-el-uso-de-modelos-y-aplicaciones-ia-tl-que-incorporen-el-catalan\/","title":{"rendered":"El &#8220;beta testing&#8221; y desarrollo de demostradores (mediante el uso de Aina Kit) de sistemas para la monitorizaci\u00f3n, control y\/o alineaci\u00f3n en el uso de los modelos y aplicaciones de IA\/TL en catal\u00e1n."},"content":{"rendered":"\t\t<div data-elementor-type=\"wp-page\" data-elementor-id=\"4842\" class=\"elementor elementor-4842\" data-elementor-post-type=\"page\">\n\t\t\t\t\t\t<section class=\"elementor-section elementor-top-section elementor-element elementor-element-eaff06e elementor-section-boxed elementor-section-height-default elementor-section-height-default\" data-id=\"eaff06e\" data-element_type=\"section\">\n\t\t\t\t\t\t<div class=\"elementor-container elementor-column-gap-default\">\n\t\t\t\t\t<div class=\"elementor-column elementor-col-50 elementor-top-column elementor-element elementor-element-ba20187\" data-id=\"ba20187\" data-element_type=\"column\">\n\t\t\t<div class=\"elementor-widget-wrap elementor-element-populated\">\n\t\t\t\t\t\t<div class=\"elementor-element elementor-element-c8be17b elementor-hidden-desktop elementor-hidden-tablet elementor-widget elementor-widget-heading\" data-id=\"c8be17b\" data-element_type=\"widget\" data-widget_type=\"heading.default\">\n\t\t\t\t<div class=\"elementor-widget-container\">\n\t\t\t\t\t<span class=\"elementor-heading-title elementor-size-default\">Reto #2<\/span>\t\t\t\t<\/div>\n\t\t\t\t<\/div>\n\t\t\t\t<div class=\"elementor-element elementor-element-1fbd20f elementor-hidden-mobile elementor-widget elementor-widget-heading\" data-id=\"1fbd20f\" data-element_type=\"widget\" data-widget_type=\"heading.default\">\n\t\t\t\t<div class=\"elementor-widget-container\">\n\t\t\t\t\t<span class=\"elementor-heading-title elementor-size-default\">Reto<\/span>\t\t\t\t<\/div>\n\t\t\t\t<\/div>\n\t\t\t\t<div class=\"elementor-element elementor-element-82fad0d elementor-hidden-mobile elementor-widget elementor-widget-heading\" data-id=\"82fad0d\" data-element_type=\"widget\" data-widget_type=\"heading.default\">\n\t\t\t\t<div class=\"elementor-widget-container\">\n\t\t\t\t\t<span class=\"elementor-heading-title elementor-size-default\">#2<\/span>\t\t\t\t<\/div>\n\t\t\t\t<\/div>\n\t\t\t\t\t<\/div>\n\t\t<\/div>\n\t\t\t\t<div class=\"elementor-column elementor-col-50 elementor-top-column elementor-element elementor-element-dbfa9bf\" data-id=\"dbfa9bf\" data-element_type=\"column\">\n\t\t\t<div class=\"elementor-widget-wrap elementor-element-populated\">\n\t\t\t\t\t\t<div class=\"elementor-element elementor-element-97cabcb elementor-widget elementor-widget-heading\" data-id=\"97cabcb\" data-element_type=\"widget\" data-widget_type=\"heading.default\">\n\t\t\t\t<div class=\"elementor-widget-container\">\n\t\t\t\t\t<h1 class=\"elementor-heading-title elementor-size-default\">El &#8220;beta testing&#8221; y desarrollo de demostradores (mediante el uso de Aina Kit) de sistemas para la monitorizaci\u00f3n, control y\/o alineaci\u00f3n en el uso de los modelos y aplicaciones de IA\/TL en catal\u00e1n.<\/h1>\t\t\t\t<\/div>\n\t\t\t\t<\/div>\n\t\t\t\t<div class=\"elementor-element elementor-element-0169ff1 elementor-widget elementor-widget-heading\" data-id=\"0169ff1\" data-element_type=\"widget\" data-widget_type=\"heading.default\">\n\t\t\t\t<div class=\"elementor-widget-container\">\n\t\t\t\t\t<span class=\"elementor-heading-title elementor-size-default\">Dotaci\u00f3n econ\u00f3mica: 33.000 \u20ac por propuesta aceptada.<br>\nN\u00famero m\u00e1ximo de concursantes: 3<\/span>\t\t\t\t<\/div>\n\t\t\t\t<\/div>\n\t\t\t\t<div class=\"elementor-element elementor-element-2bd8d78 elementor-widget elementor-widget-text-editor\" data-id=\"2bd8d78\" data-element_type=\"widget\" data-widget_type=\"text-editor.default\">\n\t\t\t\t<div class=\"elementor-widget-container\">\n\t\t\t\t\t\t\t\t\t<p>Buscamos ideas para el Beta testing y desarrollo de demostradores (mediante el uso de Aina Kit) de sistemas para la monitorizaci\u00f3n, control y alineaci\u00f3n en el uso de los modelos y\/o aplicaciones de IA\/TL en catal\u00e1n.<\/p>\n<p>Ser\u00e1n elegibles aquellas propuestas de demostradores que presenten soluciones a partir de sistemas existentes pero que no hayan hecho uso de Aina Kit, as\u00ed como propuestas para demostradores sin un sistema preexistente, siempre que sean operativos en un plazo m\u00e1ximo de 6 meses desde la firma del contrato.<\/p>\n<p>El Beta testing y el desarrollo del demostrador se centrar\u00e1n en la evaluaci\u00f3n del proceso de realizar la monitorizaci\u00f3n, control y\/o alineaci\u00f3n en el uso de los modelos y aplicaciones centrados en los recursos de Aina Kit como parte de la soluci\u00f3n, la comparativa de los resultados respecto de otras opciones y la identificaci\u00f3n de problemas en los recursos tecnol\u00f3gicos proporcionados, en su integraci\u00f3n en entornos reales (infraestructura de inferencia, integraci\u00f3n con datos, etc.) y\/o en la documentaci\u00f3n y el soporte proporcionados.<\/p>\n<p>Las propuestas tienen libertad para ampliar estos \u00e1mbitos b\u00e1sicos y proponer lo que consideren relevante para el Beta testing y desarrollo de demostradores (mediante el uso de Aina Kit) de sistemas para la monitorizaci\u00f3n, control y\/o alineaci\u00f3n en el uso de los modelos y aplicaciones de IA\/TL en catal\u00e1n.<\/p>\n<p>Algunas ideas que pueden encajar en el Beta testing y los demostradores de este reto son:<\/p>\n<ul>\n<li>Sistemas de gobernanza de la IA\/TL en catal\u00e1n en el marco de una organizaci\u00f3n (p. ej.: en relaci\u00f3n con los valores de la organizaci\u00f3n, el tipo de lenguaje y tono comunicativo, las restricciones legales del sector, etc.).<\/li>\n<li>Sistemas para identificar y mitigar instrucciones maliciosas, datos sensibles, respuestas t\u00f3xicas y\/o sesgadas, alucinaciones, prevenci\u00f3n de intentos de evasi\u00f3n de restricciones, etc.<\/li>\n<li>Sistemas que permitan una IA interpretable y explicable.<\/li>\n<li>Sistemas para el cumplimiento de las normativas de IA\/TL aplicables.<\/li>\n<li>Desarrollo de entornos de sandboxing que den soporte a la IA\/TL en catal\u00e1n.<\/li>\n<li>Mecanismos de ciberseguridad para el despliegue de la IA\/TL en catal\u00e1n.<\/li>\n<\/ul>\n<p>Se valorar\u00e1 positivamente el impacto social de las propuestas, la capacidad para desarrollar el Beta testing y los demostradores en entornos con un volumen alto de usuarios finales y la capacidad de acceder a datos en calidad y cantidad suficientes, siempre cumpliendo estrictamente las normativas de protecci\u00f3n de datos vigentes.<\/p>\n<p>En este sentido, las propuestas podr\u00e1n presentar, junto con la memoria t\u00e9cnica, un compromiso de colaboraci\u00f3n en el desarrollo del demostrador por parte de una empresa o entidad usuaria final, concretando y explicando la participaci\u00f3n de esta empresa.<\/p>\n<p>Se fomenta la creatividad y la innovaci\u00f3n en las actividades incluidas en el Beta testing, as\u00ed como en los \u00e1mbitos de desarrollo de demostradores que, mediante el uso de los recursos de Aina Kit, ejemplifiquen la monitorizaci\u00f3n, control y\/o alineaci\u00f3n en el uso de los modelos y aplicaciones de IA\/TL que incorporen el catal\u00e1n.<\/p>\t\t\t\t\t\t\t\t<\/div>\n\t\t\t\t<\/div>\n\t\t\t\t<div class=\"elementor-element elementor-element-2d4a15c elementor-widget elementor-widget-html\" data-id=\"2d4a15c\" data-element_type=\"widget\" data-widget_type=\"html.default\">\n\t\t\t\t<div class=\"elementor-widget-container\">\n\t\t\t\t\t<table border=\"1\" cellpadding=\"6\" cellspacing=\"0\">\r\n  <thead>\r\n    <tr>\r\n      <th>T\u00edtulo<\/th>\r\n      <th>Descripci\u00f3n<\/th>\r\n      <th>Empresa<\/th>\r\n    <\/tr>\r\n  <\/thead>\r\n  <tbody>\r\n    <tr>\r\n      <td>Guardarrailes evaluaci\u00f3n propuesta_1<\/td>\r\n      <td>Sistema para monitorizar riesgos de fiabilidad en modelos de lenguaje en catal\u00e1n<\/td>\r\n      <td>Alinia AI Europe SL<\/td>\r\n    <\/tr>\r\n    <tr>\r\n      <td>IA Sociosanitaria evaluaci\u00f3n<\/td>\r\n      <td>Sistema para evaluar \u00e9ticamente asistentes virtuales en catal\u00e1n<\/td>\r\n      <td>Kloosiv Housing SCCL<\/td>\r\n    <\/tr>\r\n    <tr>\r\n      <td>IA4KIT EquiCAT<\/td>\r\n      <td>Cat\u00e1logo de prompts para detectar sesgos en modelos de IA en catal\u00e1n<\/td>\r\n      <td>Asociacion para el desarrollo de la Ingenier\u00eda del Conocimiento<\/td>\r\n    <\/tr>\r\n  <\/tbody>\r\n<\/table>\r\n\t\t\t\t<\/div>\n\t\t\t\t<\/div>\n\t\t\t\t<div class=\"elementor-element elementor-element-5ca3846 elementor-widget-divider--view-line elementor-widget elementor-widget-divider\" data-id=\"5ca3846\" data-element_type=\"widget\" data-widget_type=\"divider.default\">\n\t\t\t\t<div class=\"elementor-widget-container\">\n\t\t\t\t\t\t\t<div class=\"elementor-divider\">\n\t\t\t<span class=\"elementor-divider-separator\">\n\t\t\t\t\t\t<\/span>\n\t\t<\/div>\n\t\t\t\t\t\t<\/div>\n\t\t\t\t<\/div>\n\t\t\t\t<div class=\"elementor-element elementor-element-37aa445 elementor-widget elementor-widget-spacer\" data-id=\"37aa445\" data-element_type=\"widget\" data-widget_type=\"spacer.default\">\n\t\t\t\t<div class=\"elementor-widget-container\">\n\t\t\t\t\t\t\t<div class=\"elementor-spacer\">\n\t\t\t<div class=\"elementor-spacer-inner\"><\/div>\n\t\t<\/div>\n\t\t\t\t\t\t<\/div>\n\t\t\t\t<\/div>\n\t\t\t\t<section class=\"elementor-section elementor-inner-section elementor-element elementor-element-ff4c82d elementor-section-content-middle elementor-hidden-desktop elementor-hidden-tablet elementor-hidden-mobile elementor-section-boxed elementor-section-height-default elementor-section-height-default\" data-id=\"ff4c82d\" data-element_type=\"section\" data-settings=\"{&quot;background_background&quot;:&quot;classic&quot;}\">\n\t\t\t\t\t\t<div class=\"elementor-container elementor-column-gap-default\">\n\t\t\t\t\t<div class=\"elementor-column elementor-col-50 elementor-inner-column elementor-element elementor-element-0f676fd\" data-id=\"0f676fd\" data-element_type=\"column\">\n\t\t\t<div class=\"elementor-widget-wrap elementor-element-populated\">\n\t\t\t\t\t\t<div class=\"elementor-element elementor-element-4362e76 elementor-widget elementor-widget-heading\" data-id=\"4362e76\" data-element_type=\"widget\" data-widget_type=\"heading.default\">\n\t\t\t\t<div class=\"elementor-widget-container\">\n\t\t\t\t\t<h2 class=\"elementor-heading-title elementor-size-default\">\u00a1Convocatoria abierta!<\/h2>\t\t\t\t<\/div>\n\t\t\t\t<\/div>\n\t\t\t\t\t<\/div>\n\t\t<\/div>\n\t\t\t\t<div class=\"elementor-column elementor-col-50 elementor-inner-column elementor-element elementor-element-2b68450\" data-id=\"2b68450\" data-element_type=\"column\">\n\t\t\t<div class=\"elementor-widget-wrap\">\n\t\t\t\t\t\t\t<\/div>\n\t\t<\/div>\n\t\t\t\t\t<\/div>\n\t\t<\/section>\n\t\t\t\t\t<\/div>\n\t\t<\/div>\n\t\t\t\t\t<\/div>\n\t\t<\/section>\n\t\t\t\t<\/div>\n\t\t","protected":false},"excerpt":{"rendered":"<p>Reto #2 Reto #2 Dotaci\u00f3n econ\u00f3mica: 33.000 \u20ac por propuesta aceptada. N\u00famero m\u00e1ximo de concursantes: 3 Buscamos ideas para el Beta testing y desarrollo de demostradores (mediante el uso de Aina Kit) de sistemas para la monitorizaci\u00f3n, control y alineaci\u00f3n en el uso de los modelos y\/o aplicaciones de IA\/TL en catal\u00e1n. Ser\u00e1n elegibles aquellas [&hellip;]<\/p>\n","protected":false},"author":2,"featured_media":0,"parent":0,"menu_order":0,"comment_status":"closed","ping_status":"closed","template":"","meta":{"footnotes":""},"class_list":["post-4842","page","type-page","status-publish","hentry"],"_links":{"self":[{"href":"https:\/\/ainachallenge.cat\/lab\/concurs\/wp-json\/wp\/v2\/pages\/4842","targetHints":{"allow":["GET"]}}],"collection":[{"href":"https:\/\/ainachallenge.cat\/lab\/concurs\/wp-json\/wp\/v2\/pages"}],"about":[{"href":"https:\/\/ainachallenge.cat\/lab\/concurs\/wp-json\/wp\/v2\/types\/page"}],"author":[{"embeddable":true,"href":"https:\/\/ainachallenge.cat\/lab\/concurs\/wp-json\/wp\/v2\/users\/2"}],"replies":[{"embeddable":true,"href":"https:\/\/ainachallenge.cat\/lab\/concurs\/wp-json\/wp\/v2\/comments?post=4842"}],"version-history":[{"count":50,"href":"https:\/\/ainachallenge.cat\/lab\/concurs\/wp-json\/wp\/v2\/pages\/4842\/revisions"}],"predecessor-version":[{"id":8290,"href":"https:\/\/ainachallenge.cat\/lab\/concurs\/wp-json\/wp\/v2\/pages\/4842\/revisions\/8290"}],"wp:attachment":[{"href":"https:\/\/ainachallenge.cat\/lab\/concurs\/wp-json\/wp\/v2\/media?parent=4842"}],"curies":[{"name":"wp","href":"https:\/\/api.w.org\/{rel}","templated":true}]}}