{"id":4846,"date":"2023-04-13T22:46:12","date_gmt":"2023-04-13T20:46:12","guid":{"rendered":"https:\/\/ainachallenge.cat\/lab\/concurs\/?page_id=4846"},"modified":"2025-12-04T14:20:16","modified_gmt":"2025-12-04T12:20:16","slug":"contribuir-a-construir-el-ecosistema-de-recursos-abiertos-de-aina-para-ayudar-a-escalar-adaptar-y-hacer-mas-robusta-la-ia-tl-en-catalan","status":"publish","type":"page","link":"https:\/\/ainachallenge.cat\/lab\/concurs\/contribuir-a-construir-el-ecosistema-de-recursos-abiertos-de-aina-para-ayudar-a-escalar-adaptar-y-hacer-mas-robusta-la-ia-tl-en-catalan\/","title":{"rendered":"Contribuir a construir el ecosistema de recursos abiertos del proyecto Aina para ayudar a escalar, adaptar y hacer m\u00e1s robusta la IA\/TL en catal\u00e1n."},"content":{"rendered":"\t\t<div data-elementor-type=\"wp-page\" data-elementor-id=\"4846\" class=\"elementor elementor-4846\" data-elementor-post-type=\"page\">\n\t\t\t\t\t\t<section class=\"elementor-section elementor-top-section elementor-element elementor-element-eaff06e elementor-section-boxed elementor-section-height-default elementor-section-height-default\" data-id=\"eaff06e\" data-element_type=\"section\">\n\t\t\t\t\t\t<div class=\"elementor-container elementor-column-gap-default\">\n\t\t\t\t\t<div class=\"elementor-column elementor-col-50 elementor-top-column elementor-element elementor-element-ba20187\" data-id=\"ba20187\" data-element_type=\"column\">\n\t\t\t<div class=\"elementor-widget-wrap elementor-element-populated\">\n\t\t\t\t\t\t<div class=\"elementor-element elementor-element-c8be17b elementor-hidden-desktop elementor-hidden-tablet elementor-widget elementor-widget-heading\" data-id=\"c8be17b\" data-element_type=\"widget\" data-widget_type=\"heading.default\">\n\t\t\t\t<div class=\"elementor-widget-container\">\n\t\t\t\t\t<span class=\"elementor-heading-title elementor-size-default\">Reto #3<\/span>\t\t\t\t<\/div>\n\t\t\t\t<\/div>\n\t\t\t\t<div class=\"elementor-element elementor-element-1fbd20f elementor-hidden-mobile elementor-widget elementor-widget-heading\" data-id=\"1fbd20f\" data-element_type=\"widget\" data-widget_type=\"heading.default\">\n\t\t\t\t<div class=\"elementor-widget-container\">\n\t\t\t\t\t<span class=\"elementor-heading-title elementor-size-default\">Reto<\/span>\t\t\t\t<\/div>\n\t\t\t\t<\/div>\n\t\t\t\t<div class=\"elementor-element elementor-element-82fad0d elementor-hidden-mobile elementor-widget elementor-widget-heading\" data-id=\"82fad0d\" data-element_type=\"widget\" data-widget_type=\"heading.default\">\n\t\t\t\t<div class=\"elementor-widget-container\">\n\t\t\t\t\t<span class=\"elementor-heading-title elementor-size-default\">#3<\/span>\t\t\t\t<\/div>\n\t\t\t\t<\/div>\n\t\t\t\t\t<\/div>\n\t\t<\/div>\n\t\t\t\t<div class=\"elementor-column elementor-col-50 elementor-top-column elementor-element elementor-element-dbfa9bf\" data-id=\"dbfa9bf\" data-element_type=\"column\">\n\t\t\t<div class=\"elementor-widget-wrap elementor-element-populated\">\n\t\t\t\t\t\t<div class=\"elementor-element elementor-element-97cabcb elementor-widget elementor-widget-heading\" data-id=\"97cabcb\" data-element_type=\"widget\" data-widget_type=\"heading.default\">\n\t\t\t\t<div class=\"elementor-widget-container\">\n\t\t\t\t\t<h1 class=\"elementor-heading-title elementor-size-default\">Contribuir a construir el ecosistema de recursos abiertos del proyecto Aina para ayudar a escalar, adaptar y hacer m\u00e1s robusta la IA\/TL en catal\u00e1n.<\/h1>\t\t\t\t<\/div>\n\t\t\t\t<\/div>\n\t\t\t\t<div class=\"elementor-element elementor-element-0169ff1 elementor-widget elementor-widget-heading\" data-id=\"0169ff1\" data-element_type=\"widget\" data-widget_type=\"heading.default\">\n\t\t\t\t<div class=\"elementor-widget-container\">\n\t\t\t\t\t<span class=\"elementor-heading-title elementor-size-default\">Dotaci\u00f3n econ\u00f3mica: 33.000 \u20ac por propuesta aceptada.<br>\nN\u00famero m\u00e1ximo de concursantes: 3<\/span>\t\t\t\t<\/div>\n\t\t\t\t<\/div>\n\t\t\t\t<div class=\"elementor-element elementor-element-2bd8d78 elementor-widget elementor-widget-text-editor\" data-id=\"2bd8d78\" data-element_type=\"widget\" data-widget_type=\"text-editor.default\">\n\t\t\t\t<div class=\"elementor-widget-container\">\n\t\t\t\t\t\t\t\t\t<p>Buscamos ideas para contribuir a construir el ecosistema de recursos abiertos de Aina para ayudar a escalar, adaptar y hacer m\u00e1s robusta la IA\/TL en catal\u00e1n.<\/p>\n<p>Algunas ideas que pueden encajar en este reto son:<\/p>\n<ul>\n<li>Adaptaci\u00f3n de modelos fundacionales de Aina (gen\u00e9ricos) a tareas o dominios espec\u00edficos, utilizando datos propietarios o p\u00fablicos.<\/li>\n<li>Operativizaci\u00f3n de modelos en entornos abiertos: desarrollo de recursos y\/o m\u00f3dulos que permitan utilizar el catal\u00e1n en aplicaciones y marcos de IA\/TL donde el catal\u00e1n no est\u00e1 incluido o est\u00e1 escasamente cubierto (por ejemplo: Mycroft, Rasa, SparkNLP, Spacy, etc.).<\/li>\n<li>Elaboraci\u00f3n de instrucciones para la alineaci\u00f3n de modelos generativos a tareas concretas o sectores espec\u00edficos.<\/li>\n<li>Desarrollos y protocolos que faciliten y garanticen el suministro continuo de datos a los corpus de entrenamiento de Aina. Por ejemplo: herramientas de recopilaci\u00f3n y compartici\u00f3n de datos; herramientas y protocolos asociados que permitan el uso secundario de datos; implementaci\u00f3n de protocolos y\/o APIs que permitan el acceso program\u00e1tico a datos de inter\u00e9s (p\u00fablicos o privados) con licencias permisivas, etc.<\/li>\n<\/ul>\n<p>Los productos resultantes en este reto (sean modelos adaptados a tarea o sector, c\u00f3digo fuente e integraciones de sistemas que permitan la operativizaci\u00f3n de modelos en entornos abiertos y\/o el suministro continuo de datos a los corpus, o bien conjuntos de datos para la alineaci\u00f3n de modelos generativos) una vez evaluados y documentados se publicar\u00e1n en abierto en el repositorio de referencia del proyecto Aina (Aina Kit). Toda propuesta deber\u00e1 incluir tambi\u00e9n una prueba de concepto o un peque\u00f1o demostrador de su uso.<\/p>\n<p>El reto no se limita a ning\u00fan campo de actividad espec\u00edfico, pero se valorar\u00e1 positivamente el impacto social de las propuestas.<\/p>\n<p>Se fomenta la creatividad y la innovaci\u00f3n en el dise\u00f1o de soluciones que mejoren significativamente el ecosistema de recursos abiertos de Aina para ayudar a escalar, adaptar y hacer m\u00e1s robusta la IA\/TL en catal\u00e1n.<\/p>\t\t\t\t\t\t\t\t<\/div>\n\t\t\t\t<\/div>\n\t\t\t\t<div class=\"elementor-element elementor-element-78288db elementor-widget elementor-widget-html\" data-id=\"78288db\" data-element_type=\"widget\" data-widget_type=\"html.default\">\n\t\t\t\t<div class=\"elementor-widget-container\">\n\t\t\t\t\t<table border=\"1\" cellpadding=\"6\" cellspacing=\"0\">\r\n  <thead>\r\n    <tr>\r\n      <th>T\u00edtulo<\/th>\r\n      <th>Descripci\u00f3n<\/th>\r\n      <th>Empresa<\/th>\r\n    <\/tr>\r\n  <\/thead>\r\n  <tbody>\r\n    <tr>\r\n      <td>IA4KIT_JurAIcat<\/td>\r\n      <td>Modelo de lenguaje especializado en el dominio legal y administrativo<\/td>\r\n      <td>Asociaci\u00f3n para el desarrollo de la Ingenier\u00eda del Conocimiento<\/td>\r\n    <\/tr>\r\n    <tr>\r\n      <td>TraduIA i CompartIA Hospitalaria<\/td>\r\n      <td>Soluci\u00f3n para anonimizar y compartir informaci\u00f3n cl\u00ednica en catal\u00e1n<\/td>\r\n      <td>Fundaci\u00f3 Privada Hospital Asil de Granollers<\/td>\r\n    <\/tr>\r\n    <tr>\r\n      <td>Transcripci\u00f3n, resumen y etiquetado autom\u00e1tico de contenido audiovisual en catal\u00e1n<\/td>\r\n      <td>Herramienta para generar y clasificar contenidos audiovisuales en catal\u00e1n<\/td>\r\n      <td>Etiqmedia Soluciones Audiovisuales<\/td>\r\n    <\/tr>\r\n  <\/tbody>\r\n<\/table>\r\n\t\t\t\t<\/div>\n\t\t\t\t<\/div>\n\t\t\t\t<div class=\"elementor-element elementor-element-5ca3846 elementor-widget-divider--view-line elementor-widget elementor-widget-divider\" data-id=\"5ca3846\" data-element_type=\"widget\" data-widget_type=\"divider.default\">\n\t\t\t\t<div class=\"elementor-widget-container\">\n\t\t\t\t\t\t\t<div class=\"elementor-divider\">\n\t\t\t<span class=\"elementor-divider-separator\">\n\t\t\t\t\t\t<\/span>\n\t\t<\/div>\n\t\t\t\t\t\t<\/div>\n\t\t\t\t<\/div>\n\t\t\t\t<div class=\"elementor-element elementor-element-47a3519 elementor-widget elementor-widget-spacer\" data-id=\"47a3519\" data-element_type=\"widget\" data-widget_type=\"spacer.default\">\n\t\t\t\t<div class=\"elementor-widget-container\">\n\t\t\t\t\t\t\t<div class=\"elementor-spacer\">\n\t\t\t<div class=\"elementor-spacer-inner\"><\/div>\n\t\t<\/div>\n\t\t\t\t\t\t<\/div>\n\t\t\t\t<\/div>\n\t\t\t\t<section class=\"elementor-section elementor-inner-section elementor-element elementor-element-ff4c82d elementor-section-content-middle elementor-hidden-desktop elementor-hidden-tablet elementor-hidden-mobile elementor-section-boxed elementor-section-height-default elementor-section-height-default\" data-id=\"ff4c82d\" data-element_type=\"section\" data-settings=\"{&quot;background_background&quot;:&quot;classic&quot;}\">\n\t\t\t\t\t\t<div class=\"elementor-container elementor-column-gap-default\">\n\t\t\t\t\t<div class=\"elementor-column elementor-col-50 elementor-inner-column elementor-element elementor-element-0f676fd\" data-id=\"0f676fd\" data-element_type=\"column\">\n\t\t\t<div class=\"elementor-widget-wrap elementor-element-populated\">\n\t\t\t\t\t\t<div class=\"elementor-element elementor-element-4362e76 elementor-widget elementor-widget-heading\" data-id=\"4362e76\" data-element_type=\"widget\" data-widget_type=\"heading.default\">\n\t\t\t\t<div class=\"elementor-widget-container\">\n\t\t\t\t\t<h2 class=\"elementor-heading-title elementor-size-default\">\u00a1Convocatoria abierta!<\/h2>\t\t\t\t<\/div>\n\t\t\t\t<\/div>\n\t\t\t\t\t<\/div>\n\t\t<\/div>\n\t\t\t\t<div class=\"elementor-column elementor-col-50 elementor-inner-column elementor-element elementor-element-2b68450\" data-id=\"2b68450\" data-element_type=\"column\">\n\t\t\t<div class=\"elementor-widget-wrap\">\n\t\t\t\t\t\t\t<\/div>\n\t\t<\/div>\n\t\t\t\t\t<\/div>\n\t\t<\/section>\n\t\t\t\t\t<\/div>\n\t\t<\/div>\n\t\t\t\t\t<\/div>\n\t\t<\/section>\n\t\t\t\t<\/div>\n\t\t","protected":false},"excerpt":{"rendered":"<p>Reto #3 Reto #3 Dotaci\u00f3n econ\u00f3mica: 33.000 \u20ac por propuesta aceptada. N\u00famero m\u00e1ximo de concursantes: 3 Buscamos ideas para contribuir a construir el ecosistema de recursos abiertos de Aina para ayudar a escalar, adaptar y hacer m\u00e1s robusta la IA\/TL en catal\u00e1n. Algunas ideas que pueden encajar en este reto son: Adaptaci\u00f3n de modelos fundacionales [&hellip;]<\/p>\n","protected":false},"author":2,"featured_media":0,"parent":0,"menu_order":0,"comment_status":"closed","ping_status":"closed","template":"","meta":{"footnotes":""},"class_list":["post-4846","page","type-page","status-publish","hentry"],"_links":{"self":[{"href":"https:\/\/ainachallenge.cat\/lab\/concurs\/wp-json\/wp\/v2\/pages\/4846","targetHints":{"allow":["GET"]}}],"collection":[{"href":"https:\/\/ainachallenge.cat\/lab\/concurs\/wp-json\/wp\/v2\/pages"}],"about":[{"href":"https:\/\/ainachallenge.cat\/lab\/concurs\/wp-json\/wp\/v2\/types\/page"}],"author":[{"embeddable":true,"href":"https:\/\/ainachallenge.cat\/lab\/concurs\/wp-json\/wp\/v2\/users\/2"}],"replies":[{"embeddable":true,"href":"https:\/\/ainachallenge.cat\/lab\/concurs\/wp-json\/wp\/v2\/comments?post=4846"}],"version-history":[{"count":44,"href":"https:\/\/ainachallenge.cat\/lab\/concurs\/wp-json\/wp\/v2\/pages\/4846\/revisions"}],"predecessor-version":[{"id":8293,"href":"https:\/\/ainachallenge.cat\/lab\/concurs\/wp-json\/wp\/v2\/pages\/4846\/revisions\/8293"}],"wp:attachment":[{"href":"https:\/\/ainachallenge.cat\/lab\/concurs\/wp-json\/wp\/v2\/media?parent=4846"}],"curies":[{"name":"wp","href":"https:\/\/api.w.org\/{rel}","templated":true}]}}